of d(-1)?
241
Let b(s) = 1 - 59 - s + 102. Let c be b(-23). Let m = -30 + c. What are the prime factors of m?
37
Suppose -3*j + 1027*u - 1031*u = -29081, -3*j + 2*u = -29123. List the prime factors of j.
31, 313
Let d(a) = 9*a - 11. Let h be d(3). Suppose -h*x + 17*x - 37 = 0. What are the prime factors of x?
37
Let j be ((-3618)/(-21))/((-18)/(-84)). Suppose 2*i = 3*d - j, -3*d = d - i - 1077. Let c = -160 + d. What are the prime factors of c?
2, 5, 11
Let l be ((-12)/7)/(-6) - 136146/(-14). Suppose 4*n = -21*n + l. What are the prime factors of n?
389
Suppose 0 = 6*m + 6*m + 372. Suppose -2*f + 192 = -3*p, 3*f = p + 2*p + 189. Let a = m - p. What are the prime factors of a?
5, 7
What are the prime factors of 9013/(4 - (-15)/(-5))?
9013
Let n(y) = 2*y**2 - 10*y - 20. Let j be (10 - 35/5)*(-3 - 1). What are the prime factors of n(j)?
2, 97
Let u(j) be the third derivative of -j**6/120 + 23*j**5/60 - 7*j**4/12 - 13*j**3/6 - 25*j**2. List the prime factors of u(22).
163
Suppose n - 2*n + 3*w = -1, -4 = -2*n + 4*w. Suppose -4*r = -0*r - 2736. What are the prime factors of 1/(n/r*3)?
3, 19
Suppose -4*h - 7 = -2*l - 5*h, -5 = -l - 2*h. Suppose l + 5 = 4*p, 4*p = 5*y - 7937. List the prime factors of y.
7, 227
Let t = -130 - -132. Suppose -t*r + 0*r = 6. What are the prime factors of (-741)/26*16/r?
2, 19
Let t(z) = 3*z**2 + 20*z + 20. Let h be t(-1). Suppose -846 = -9*k + 8*k - h*s, -2*k + 3*s + 1719 = 0. What are the prime factors of k?
3, 5, 19
Suppose 8706 + 7134 = 24*r. Suppose 10*y = 12*y - r. What are the prime factors of y?
2, 3, 5, 11
Let b = -228 + 8109. List the prime factors of b.
3, 37, 71
Let u(y) = 41*y + 9. Let o be u(10). Suppose -5*v + 251 = -o. List the prime factors of v.
2, 67
Let m = 2245 - 2231. Let z be 2 + 3/((-3)/2). Suppose 8*r - m*r + 492 = z. List the prime factors of r.
2, 41
Suppose -34 = -3*j - 46. Let u be 3/4 - 1401/j. Let v = u + -99. What are the prime factors of v?
2, 3, 7
Suppose -t - 2825 = 3*b - 16389, -5*t + 3*b = -67748. List the prime factors of t.
2, 7, 11
Suppose -384745 = -2*g - 5*g - 62038. What are the prime factors of g?
3, 11, 127
Let u be (-11557)/(-13)*(-11)/(308/(-120)). List the prime factors of -11 + 4 - u/(-5).
5, 151
Let d = 24983 + -12783. List the prime factors of d.
2, 5, 61
Let y = -27 + 32. Suppose 0*w + w = -y*k - 937, 4*k + 4 = 0. What are the prime factors of -5 + (-34)/(-6) - w/6?
2, 3, 13
Let v(a) = 84*a**2 + 502*a - 13. What are the prime factors of v(-7)?
19, 31
Let p = 12614 + -8706. List the prime factors of p.
2, 977
Suppose 0 = -2*i - 4*q + 2, 13 = -4*i - 2*q + 41. Let a = i + 3. Suppose 6*z - a*z = -408. List the prime factors of z.
2, 17
Suppose 0 = 36*m - 32*m. Suppose 12*a - 3720 - 5616 = m. List the prime factors of a.
2, 389
Suppose 11 = 15*d - 34. List the prime factors of (d + 3380/5)*1.
7, 97
Let r = 126 - -511. Suppose 7*h - 294 = r. Suppose m = 2*j + 62, 3*m - 3*j - 41 - h = 0. What are the prime factors of m?
2, 3
Suppose 131 = 14*u + 61. Suppose -5*o - 3*f + 5903 = 1654, 0 = -u*o + 5*f + 4265. What are the prime factors of o?
23, 37
List the prime factors of (-1417 - 7)*12*8/(-6).
2, 89
Let k be (-29)/(-7) - 4/28. Suppose k*t - 12 = -2*t. Suppose -w - 38 = -f - 0*f, t*f - 76 = -w. List the prime factors of f.
2, 19
Let z(b) = -6*b**3 - 110*b**2 - 72*b - 13. Let l(p) = 9*p**3 + 165*p**2 + 108*p + 19. Let q(d) = -5*l(d) - 7*z(d). What are the prime factors of q(-18)?
2, 5
Let o(r) = r**3 + 3*r**2 + 2. Let l be o(-3). Suppose 4*v = 4*f + 88, -3*v - l*v + 89 = -4*f. What are the prime factors of (2 - 22)/(3/f)?
2, 5, 7
Suppose x + 18135 = 16*x - 0*x. What are the prime factors of x?
3, 13, 31
List the prime factors of -3*(-1)/(9/44124).
2, 3677
Suppose -5*l - 9472 = 5*r - 3*l, -3*r + 3*l = 5700. Let m = r - -2903. What are the prime factors of m?
19, 53
Suppose 3*v - 9 - 3 = 0, d = -v - 3. List the prime factors of 1 + (-2788)/d - 10/35.
3, 7, 19
Let l(n) = -162*n - 368. What are the prime factors of l(-29)?
2, 5, 433
Suppose 20891 + 39649 = 4*s. What are the prime factors of s?
3, 5, 1009
Let x(v) = -8222*v**3 + 12*v**2 + 2*v. List the prime factors of x(-1).
2, 3, 7
Let x(k) = -68*k**3 + 3*k**2 - 18*k - 15. What are the prime factors of x(-6)?
3, 7, 709
Let w = -5802 - -9365. What are the prime factors of w?
7, 509
Let o = -26 - -41. Suppose -9*q = -14*q + o. List the prime factors of 2/q + 1/((-12)/(-820)).
3, 23
Let d = 448 - -10418. List the prime factors of d.
2, 3, 1811
Suppose -4*j + 518 = -4614. Suppose -2*l - r = -1934, 3*r = 2*l - 667 - j. What are the prime factors of l?
3, 17, 19
Suppose 58 = 5*n - i, 3*i - 38 = -4*n + 16. What are the prime factors of (-7 + n)*1 - -144?
149
Let k = 14042 + -10579. List the prime factors of k.
3463
Let d = -27352 - -39303. List the prime factors of d.
17, 19, 37
Let w(c) = 512*c - 217. What are the prime factors of w(10)?
4903
Suppose -2*n - 255 = n. Let a be (6/5)/(34/n). List the prime factors of (-7 - -8)*(-12 + -1)*a.
3, 13
Let x(f) = 2*f**2 + f. Let b be x(0). Let d(i) = -i**3 - i**2 + 3*i + 12. Let j be d(b). Suppose -j*g + 475 = -7*g. List the prime factors of g.
5, 19
Let q be -5 - -8 - (-3)/(-1). Suppose q = -10*z + 359 + 1241. List the prime factors of z.
2, 5
Let y = 582 + -629. Let q(j) = -34*j - 294. List the prime factors of q(y).
2, 163
Let n be -6*3/3*(-3)/(-6). Let a = -15 + 9. What are the prime factors of ((-3)/a)/(n/(-666))?
3, 37
List the prime factors of -1*(-22385)/11 - -10.
5, 409
Suppose -z + 8863 = 5*h - 25849, -2*h + 5*z + 13901 = 0. List the prime factors of h.
53, 131
Let a be ((-2)/6)/(-1*1/9). Let w(t) = -3 + 845*t - 868*t - 2*t**2 - a. What are the prime factors of w(-8)?
2, 5
Let w = -721 + 671. What are the prime factors of (10269/35)/(85/w + 2)?
2, 3, 163
Let o(u) = -24*u**3 - 6*u**2 - 61*u - 857. What are the prime factors of o(-10)?
13, 137
Suppose -4*t + 1400 - 7496 = 0. Let g be -3*(-2 + -1)/3. What are the prime factors of t/(-15) - (g/5 + 0)?
101
Suppose 0 = -12*a + 19*a - 112. List the prime factors of (-2)/((-5)/(27320/a)).
683
Let d be (-6 - -10) + (-6)/1. What are the prime factors of 197/(-3)*(-1 + d)?
197
Suppose 5*z - 2*z = 9. Let y(s) = 61*s**3 - 3*s**2 - 2. List the prime factors of y(z).
2, 809
Let c(w) = -w**3 + 5*w**2 - 9. Let b be c(4). Suppose b*a = -4 + 25. Suppose a*y - 198 - 42 = 0. List the prime factors of y.
2, 5
Let r = 64 - 44. Suppose 0 = -5*k + r, 4*s + 5*k + 771 = 2119. List the prime factors of s.
2, 83
Let j(h) = -133 + 37*h - 8*h + 39. What are the prime factors of j(19)?
457
List the prime factors of (-2)/(-4)*4 - (-8 + (-23197 - 10)).
3, 71, 109
Let l = -5780 - -3529. Let o = -1173 - l. What are the prime factors of o?
2, 7, 11
Let u = -218 + -15. Let j = u - -501. List the prime factors of j.
2, 67
Suppose -v + 146*p - 148*p + 22553 = 0, 5*p + 112690 = 5*v. List the prime factors of v.
22543
List the prime factors of (-38344530)/(-945) - (-8)/(-36).
2, 317
Let y = -4528 - -6503. List the prime factors of y.
5, 79
Let h be (-2)/5 + (-2)/(-5). Suppose h*t + 4*t = 20. Suppose t*y = 2*x - 104, -2*x + y = -0*x - 104. List the prime factors of x.
2, 13
Suppose -112*x + 4439250 - 816162 = 0. What are the prime factors of x?
3, 41, 263
Suppose -33*i + 30120 = -9*i. Suppose -2*n = 3*n - i. List the prime factors of n.
251
Let c(j) be the third derivative of 29*j**4/12 + 6*j**3 + j**2 + 7. Let m be c(8). Suppose 7*d = -2*l + 3*d + m, -d = -l + 247. List the prime factors of l.
2, 31
Let c(o) = -3*o**3 - 22*o**2 + 9. List the prime factors of c(-13).
2, 11, 131
Suppose 5*n = y + 79, 0 = -3*n + 8*n + 3*y - 83. Suppose -3*o - 1227 = -5*s, -741 = -3*s - n*o + 19*o. List the prime factors of s.
3
Suppose -3*b - 25*b + 201520 = 12*b. List the prime factors of b.
2, 11, 229
Suppose 0 = -r - 28 + 36. Let v(s) = -18*s + 2. Let m be v(r). Let w = m + 206. List the prime factors of w.
2
Let j = 2752 + -4151. Let f = -629 - j. What are the prime factors of f?
2, 5, 7, 11
Let q be ((-140)/126)/(8/(-36)). Let p(y) = -y**2 + 1. Let f be p(1). Suppose -1238 = -q*h - 3*g, h + 3*g - 50 - 188 = f. What are the prime factors of h?
2, 5
Let w(i) be the second derivative of i**4/4 - 11*i**3/6 - 89*i**2/2 + 3*i + 12. What are the prime factors of w(16)?
503
Suppose -70903 = -4*o 